11 + 10?
221
In base 7, what is 1 - 33?
-32
In base 9, what is 144 + -17?
126
In base 8, what is -3 + -1644?
-1647
In base 12, what is 3 - 129?
-126
In base 12, what is 160 + -1a?
142
In base 6, what is -1220 + 0?
-1220
In base 4, what is 3 - 130020?
-130011
In base 7, what is 42651 - 4?
42644
In base 16, what is 5 - -138?
13d
In base 2, what is -11000111 + 101?
-11000010
In base 4, what is 121 - 122?
-1
In base 6, what is -51 + 134?
43
In base 2, what is 1 + -110?
-101
In base 10, what is -34 - 8?
-42
In base 5, what is -1 - -4?
3
In base 12, what is -a90 + -2?
-a92
In base 4, what is -1203 + -10?
-1213
In base 16, what is -e + -9?
-17
In base 16, what is -1a + -2?
-1c
In base 15, what is 5 + 26?
2b
In base 16, what is -5 + 6c?
67
In base 12, what is -24 - -29?
5
In base 5, what is -31440 - 12?
-32002
In base 4, what is -20212 - -11?
-20201
In base 8, what is -1 + -46?
-47
In base 10, what is -131 - 1?
-132
In base 7, what is 1 - -545?
546
In base 4, what is 321 - -11?
332
In base 10, what is -3 - -40?
37
In base 9, what is -22 + 576?
554
In base 8, what is 2 + 266?
270
In base 11, what is 0 + -154?
-154
In base 5, what is 30202 + 2?
30204
In base 15, what is 5 + 33?
38
In base 15, what is 0 - b?
-b
In base 16, what is 5 - -1d?
22
In base 10, what is 3463 + -2?
3461
In base 5, what is -13333 + 1?
-13332
In base 2, what is -100001 + 1100?
-10101
In base 7, what is -1003 + -1?
-1004
In base 13, what is 55 - -4?
59
In base 4, what is -101 - 113?
-220
In base 8, what is -524 + -1?
-525
In base 15, what is 22 - 6?
1b
In base 12, what is 55 - 8?
49
In base 3, what is -10 - 12?
-22
In base 12, what is -2 + 49?
47
In base 15, what is 46 + -15?
31
In base 5, what is -1443 + -3?
-2001
In base 13, what is b + 12?
20
In base 6, what is 5 + -14031?
-14022
In base 5, what is -11 - -102?
41
In base 9, what is -20 - -14?
-5
In base 5, what is 44 + -110?
-11
In base 6, what is 1234 - -2?
1240
In base 5, what is 1 + -1102?
-1101
In base 11, what is 264 + 46?
2aa
In base 5, what is -3 - -1200?
1142
In base 15, what is -5 - -38?
33
In base 7, what is -140 - -1?
-136
In base 3, what is -10 + -21?
-101
In base 4, what is -113302 + 11?
-113231
In base 7, what is -16 - -2?
-14
In base 7, what is -401 - 110?
-511
In base 10, what is -8 - 84?
-92
In base 3, what is 1 + 1111?
1112
In base 2, what is -100 + 1011001111?
1011001011
In base 2, what is -101101111 - -1?
-101101110
In base 8, what is 1 - -1311?
1312
In base 9, what is -6 - 1013?
-1020
In base 2, what is -1000 - -10100001?
10011001
In base 5, what is -3 + 23?
20
In base 10, what is 518 + -5?
513
In base 12, what is 814 + -4?
810
In base 13, what is 181 + -2?
17c
In base 7, what is 222 + 0?
222
In base 5, what is -14 - -124?
110
In base 15, what is 15b - 5?
156
In base 9, what is 3 - -75?
78
In base 4, what is -101312 - -3?
-101303
In base 15, what is 3 + 6c7?
6ca
In base 7, what is -20 + 1223?
1203
In base 10, what is -219 + 1?
-218
In base 4, what is 1001032 + 1?
1001033
In base 10, what is -7 + 17?
10
In base 8, what is 0 - 5?
-5
In base 14, what is 16b + 3d?
1aa
In base 13, what is 5 - -2a94?
2a99
In base 5, what is 300042 - -2?
300044
In base 7, what is -20655 - -1?
-20654
In base 12, what is -6a0 + -2?
-6a2
In base 11, what is -150 - -25?
-126
In base 4, what is -13311 + -1?
-13312
In base 8, what is 0 + 2132?
2132
In base 12, what is -508 - -2?
-506
In base 8, what is 0 - -40?
40
In base 6, what is 11 - 152?
-141
In base 9, what is 58 - -11?
70
In base 4, what is 110 + -11?
33
In base 8, what is -657 + -4?
-663
In base 10, what is -4 - -158?
154
In base 6, what is 250 - 3?
243
In base 16, what is -40 + 1?
-3f
In base 14, what is -46 + 4?
-42
In base 2, what is 0 + -11010111?
-11010111
In base 4, what is 3021 + -20?
3001
In base 6, what is 0 + -3532?
-3532
In base 9, what is -18 + -12?
-31
In base 8, what is 256 + -20?
236
In base 11, what is -165 + 2?
-163
In base 12, what is 2 + 127?
129
In base 4, what is 3 + 201?
210
In base 2, what is -101 - -10100100?
10011111
In base 10, what is 1 + -473?
-472
In base 6, what is 44 - 401?
-313
In base 7, what is -20 - -5?
-12
In base 3, what is 2 - -21001?
21010
In base 11, what is 55 - 5?
50
In base 6, what is 5 + -3520?
-3511
In base 7, what is 0 + 263?
263
In base 9, what is 3 - -8?
12
In base 4, what is -10 + -1330?
-2000
In base 13, what is -65 + -11?
-76
In base 12, what is -1 + -21a2?
-21a3
In base 15, what is 3 + -3?
0
In base 15, what is 0 - -3ad?
3ad
In base 14, what is -4 + -294c?
-2952
In base 15, what is -11e + -3?
-122
In base 10, what is -8 + -145?
-153
In base 5, what is 441 - -122?
1113
In base 5, what is 1 - -320?
321
In base 5, what is 21244 + 4?
21303
In base 6, what is -2 + 253?
251
In base 2, what is -100 + -10101?
-11001
In base 15, what is 99d + -2?
99b
In base 3, what is 12112 + 22?
12211
In base 15, what is 8 - a6e?
-a66
In base 15, what is 7a - 9?
71
In base 6, what is -101 - 4?
-105
In base 13, what is -b543 + 5?
-b53b
In base 10, what is -12 - 82?
-94
In base 2, what is -11011011011111 - 0?
-11011011011111
In base 2, what is -1 - -1110010?
1110001
In base 8, what is -37 + 1?
-36
In base 13, what is b + -21?
-13
In base 14, what is 10 + 64?
74
In base 14, what is 2 - -45a?
45c
In base 15, what is 3 - 9d?
-9a
In base 3, what is -10 + 110?
100
In base 14, what is 24d - 1?
24c
In base 15, what is 1e - -178?
197
In base 10, what is -1305 - 5?
-1310
In base 16, what is -2 + -19?
-1b
In base 8, what is 10 - -627?
637
In base 4, what is 20011010 - 0?
20011010
In base 5, what is 402 + 114?
1021
In base 13, what is 3 - 5?
-2
In base 5, what is 1042 - -11?
1103
In base 9, what is 4 - -208?
213
In base 3, what is 102 - -101210?
102012
In base 5, what is -222 + 2?
-220
In base 2, what is -11 + 10100?
10001
In base 7, what is -5 - 55?
-63
In base 14, what is 25d + 0?
25d
In base 4, what is -11 - 10301?
-10312
In base 7, what is 5 - -1520?
1525
In base 6, what is -150 + -2?
-152
In base 16, what is -60 - -4?
-5c
In base 12, what is 9 - -15?
22
In base 2, what is -100100101 + 101?
-100100000
In base 2, what is 1 - 1101110110?
-1101110101
In base 11, what is -2 - 69a?
-6a1
In base 13, what is 1791 - 1?
1790
In base 5, what is 43 + 2311?
2404
In base 12, what is -9 - -9?
0
In base 16, what is b + -22f?
-224
In base 8, what is -113 + -4?
-117
In base 6, what is -400 - -23?
-333
In base 7, what is -4 + -555?
-562
In base 5, what is -24140 - -3?
-24132
In base 12, what is -22 + -162?
-184
In base 7, what is -2046 + 4?
-2042
In base 12, what is -50 + 5?
-47
In base 16, what is 0 - 13?
-13
In base 11, what is -735 + 10?
-725
In base 3, what is -2 - 11112110?
-11112112
In base 16, what is 1 - -17?
18
In base 15, what is 16 + c?
23
In base 8, what is -421 - 3?
-424
In base 11, what is 811 + 4?
815
In base 12, what is -4 + -68?
-70
In base 6, what is 13 - -2400?
2413
In base 4, what is 1020 - 2?
1012
In base 3, what is -1211 + -12?
-2000
In base 15, what is -4 + 56?
52
In base 14, what is -5 + 40?
39
In base 4, what is 12 - -22?
100
In base 11, what is -a5 - 0?
-a5
In base 15, what is -5 + -23?
-28
In base 3, what is -2 + 10101002?
10101000
In base 3, what is -20 - 2221000?
-2221020
In base 13, what is -71 + 1?
-70
In base 3, what is -1 - 100222?
-101000
In base 2, what is -1 - -110101000?
110100111
In base 15, what is 90 + 5?
95
In base 15, what is 0 - -d3?
d3
In base 7, what is 1 - -22?
23
In base 3, what is -12 + -120020?
-120102
In base 8, what is 21 - 21?
0
In base 10, what is 109 - 8?
101
In base 3, what is 11 + -100?
-12
In base 12, what is -35670 - -4?
-35668
In base 7, what is 330160 + -2?
330155
In base 2, what is 111011111 + 100100?
1000000011
In base 4, what is -3 - -2200?
2131
In base 11, what is -4 - 153?
-157
In base 3, what is 10121 + -12?
10102
In base 11, what is 9 - 40?
-32
In base 3, what is -22101 - 0?
-22101
In base 7, what is 6 + 223?
232
In base 13, what is -39b5 - -5?
-39b0
In base 15, what is 5ceb + 0?
5ceb
In base 12, what is 1b91 + -3?
1b8a
In base 11, what is -111 - 10?
-121
In base 4, what is 21321 - -131?
22112
In base 3, what is -12 - 21201?
-21220
In base 12, what is -4 + -252?
-256
In base 4, what is -1 + 100?
33
In base 6, what is 2500 + -1?
2455
In base 8, what is -51 + 64?
13
In base 14, what is 6 + -670?
-668
In base 7,